{"id":166,"date":"2019-04-06T15:15:28","date_gmt":"2019-04-06T15:15:28","guid":{"rendered":"http:\/\/www.lexique.org\/?page_id=166"},"modified":"2019-12-10T09:17:45","modified_gmt":"2019-12-10T09:17:45","slug":"utilisation-de-linterface-graphique","status":"publish","type":"page","link":"http:\/\/www.lexique.org\/?page_id=166","title":{"rendered":"Utilisation de l&#8217;interface graphique en ligne"},"content":{"rendered":"\n<p><em>Note to non-French speakers: to read these web pages in your native language, add the <\/em><a rel=\"noreferrer noopener\" href=\"https:\/\/atlarge.icann.org\/resources\/enable-google-translate\" target=\"_blank\"><em>google translate extension<\/em><\/a><em> to your browser .<\/em><\/p>\n\n\n\n\n\n<hr class=\"wp-block-separator\"\/>\n\n\n\n<p>L&#8217;interface pour interroger Lexique en ligne se pr\u00e9sente sous la forme d&#8217;un tableau de donn\u00e9es dynamique. Vous pouvez placer des filtres au dessus de chaque colonne. Il y a trois types de colonnes : num\u00e9riques (p.ex freqlivres ou nbphons), cat\u00e9gorielles (cgram) et chaine de caract\u00e8res (ortho, phon, &#8230;). <\/p>\n\n\n\n<p>Le filtrage dans les colonnes de type &#8220;chaine de caract\u00e8res&#8221; se fait en utilisant une expression r\u00e9guli\u00e8re. Saisir &#8216;maison&#8217; renverra tous les items comprenant la chaine &#8220;maison&#8221; (pour obtenir uniquement l&#8217;entr\u00e9e associ\u00e9e au mot maison , il faut entrer &#8220;^maison$&#8221;); Saisir &#8216;voiture|maison&#8217; renverra les items contenant maison ou chien. Voir notre  <a href=\"http:\/\/www.lexique.org\/?page_id=101\">documentation sur les expressions r\u00e9guli\u00e8res<\/a> pour des exemples de recherches plus complexes.<\/p>\n\n\n\n<p>Le filtrage dans une colonne num\u00e9rique se fait en fournissant un intervalle <code>MIN ... MAX.<\/code> Par exemple, pour s\u00e9lectionner les mots de longueur comprise entre 5 et 10, il faut saisir <code>5...10<\/code> Pour s\u00e9lectionner les mots ayant une longueur <strong>pr\u00e9cise <\/strong>de 5, il faut saisir  <code>5...5<\/code> (malheureusement pour le moment, nous ne pouvons pas changer cela facilement).<\/p>\n\n\n\n<p>Le filtrage dans une colonne cat\u00e9gorielle se fait simplement en saisissant le label, ou la liste de labels d\u00e9sir\u00e9s.<\/p>\n\n\n\n<p>Les petits triangles plac\u00e9s \u00e0 c\u00f4t\u00e9 du nom de chaque variable permettent de trier selon la valeur de celle-ci. <\/p>\n\n\n\n<div class=\"wp-block-image\"><figure class=\"aligncenter\"><a href=\"http:\/\/www.lexique.org\/wp-content\/uploads\/2019\/04\/lexique-gui.png\"><img loading=\"lazy\" decoding=\"async\" width=\"1920\" height=\"1080\" src=\"http:\/\/www.lexique.org\/wp-content\/uploads\/2019\/04\/lexique-gui.png\" alt=\"\" class=\"wp-image-167\" srcset=\"http:\/\/www.lexique.org\/wp-content\/uploads\/2019\/04\/lexique-gui.png 1920w, http:\/\/www.lexique.org\/wp-content\/uploads\/2019\/04\/lexique-gui-300x169.png 300w, http:\/\/www.lexique.org\/wp-content\/uploads\/2019\/04\/lexique-gui-768x432.png 768w, http:\/\/www.lexique.org\/wp-content\/uploads\/2019\/04\/lexique-gui-1024x576.png 1024w, http:\/\/www.lexique.org\/wp-content\/uploads\/2019\/04\/lexique-gui-676x380.png 676w\" sizes=\"auto, (max-width: 1920px) 100vw, 1920px\" \/><\/a><\/figure><\/div>\n\n\n\n<p>Note: pour faire des recherches dans le champ phon, consulter la table de <a href=\"http:\/\/www.lexique.org\/?page_id=286\">codage des phon\u00e8mes<\/a>.<br><\/p>\n","protected":false},"excerpt":{"rendered":"<p>Note to non-French speakers: to read these web pages in your native language, add the google translate extension to your browser . L&#8217;interface pour interroger Lexique en ligne se pr\u00e9sente sous la forme d&#8217;un tableau de donn\u00e9es dynamique. Vous pouvez placer des filtres au dessus de chaque colonne. Il y a trois types de colonnes [&hellip;]<\/p>\n","protected":false},"author":1,"featured_media":0,"parent":294,"menu_order":0,"comment_status":"closed","ping_status":"closed","template":"","meta":{"footnotes":""},"class_list":["post-166","page","type-page","status-publish","hentry","post-preview"],"_links":{"self":[{"href":"http:\/\/www.lexique.org\/index.php?rest_route=\/wp\/v2\/pages\/166","targetHints":{"allow":["GET"]}}],"collection":[{"href":"http:\/\/www.lexique.org\/index.php?rest_route=\/wp\/v2\/pages"}],"about":[{"href":"http:\/\/www.lexique.org\/index.php?rest_route=\/wp\/v2\/types\/page"}],"author":[{"embeddable":true,"href":"http:\/\/www.lexique.org\/index.php?rest_route=\/wp\/v2\/users\/1"}],"replies":[{"embeddable":true,"href":"http:\/\/www.lexique.org\/index.php?rest_route=%2Fwp%2Fv2%2Fcomments&post=166"}],"version-history":[{"count":20,"href":"http:\/\/www.lexique.org\/index.php?rest_route=\/wp\/v2\/pages\/166\/revisions"}],"predecessor-version":[{"id":405,"href":"http:\/\/www.lexique.org\/index.php?rest_route=\/wp\/v2\/pages\/166\/revisions\/405"}],"up":[{"embeddable":true,"href":"http:\/\/www.lexique.org\/index.php?rest_route=\/wp\/v2\/pages\/294"}],"wp:attachment":[{"href":"http:\/\/www.lexique.org\/index.php?rest_route=%2Fwp%2Fv2%2Fmedia&parent=166"}],"curies":[{"name":"wp","href":"https:\/\/api.w.org\/{rel}","templated":true}]}}