{"id":2,"date":"2019-03-28T10:17:19","date_gmt":"2019-03-28T10:17:19","guid":{"rendered":"http:\/\/37.59.55.222\/?page_id=2"},"modified":"2026-04-27T13:33:03","modified_gmt":"2026-04-27T13:33:03","slug":"sample-page","status":"publish","type":"page","link":"http:\/\/www.lexique.org\/","title":{"rendered":"Lexique"},"content":{"rendered":"\n<p><em>Lexique 4.00 <\/em>fournit des mesures de <strong>fr\u00e9quence<\/strong> issues d\u2019un corpus de sous-titres de 316 millions de mots, la diversit\u00e9 contextuelle, des repr\u00e9sentations phonologiques, les lemmes associ\u00e9s, la structure morphologique, la pr\u00e9valence ainsi que des donn\u00e9es de d\u00e9cision lexicale pour 190 000 formes de mots fran\u00e7aises. <\/p>\n\n\n\n<div class=\"wp-block-button aligncenter\"><a class=\"wp-block-button__link\" href=\"http:\/\/www.lexique.org\/shiny\/openlexicon\/\" target=\"_blank\" rel=\"noopener noreferrer\">Recherche en ligne dans Lexique 4.00<\/a><\/div>\n\n\n\n<p><\/p>\n\n\n\n<div class=\"wp-block-button aligncenter\"><a class=\"wp-block-button__link wp-element-button\" href=\"http:\/\/www.lexique.org\/databases\/Lexique400\/Lexique400.zip\">T\u00e9l\u00e9charger Lexique 4.00<br><\/a><\/div>\n\n\n\n<p>Lexique est distribu\u00e9e sous une <strong>licence<\/strong> <a href=\"https:\/\/creativecommons.org\/licenses\/by-nc\/4.0\/\">Creative Commons Attribution &#8211; Partage dans les m\u00eames conditions 4.0<\/a><\/p>\n\n\n\n<p>New, B., Pallier, C., Schalchli, G., Bourgin, J., &amp; Gimenes, M. (in press).\u00a0<a href=\"http:\/\/www.lexique.org\/databases\/Lexique400\/Lexique400.pdf\"><em>Lexique 4: A major upgrade of the \u201cLexique\u201d French lexical database<\/em>.<\/a>\u00a0<em>Behavior Research Methods<\/em>.\u00a0<a href=\"https:\/\/rdcu.be\/ffexq\"><strong>Read-only well formated version<\/strong><\/a><\/p>\n\n\n\n<hr class=\"wp-block-separator has-css-opacity\"\/>\n\n\n\n<h2 class=\"wp-block-heading\">Open Lexicon<\/h2>\n\n\n\n<p><em>Openlexicon<\/em> rassemble plusieurs bases de donn\u00e9es lexicales dont la base de donn\u00e9es Lexique mais aussi d&#8217;autres bases donnant des informations telles que l&#8217;\u00e2ge d&#8217;acquisition, les temps de lecture ou la concr\u00e9tude par exemple. <\/p>\n\n\n\n<div class=\"wp-block-button aligncenter\"><a class=\"wp-block-button__link wp-element-button\" href=\"http:\/\/www.lexique.org\/?page_id=378\">Open Lexicon FR : Liste des Bases Lexicales en Fran\u00e7ais<\/a><\/div>\n\n\n\n<p><\/p>\n\n\n\n<p><\/p>\n\n\n\n<div class=\"wp-block-button aligncenter\"><a class=\"wp-block-button__link\" href=\"http:\/\/www.lexique.org\/shiny\/openlexicon\" target=\"_blank\" rel=\"noopener noreferrer\">Recherche en ligne dans certaines bases d&#8217;Open Lexicon<br><\/a><\/div>\n\n\n\n<p>OpenLexicon GitHub permet avec les bases d&#8217;Open Lexicon :<br>&#8211; d&#8217;interroger ces bases en lignes<br>&#8211; de les t\u00e9l\u00e9charger<br>&#8211; d&#8217;obtenir les scripts (R et Python) et les apps (shiny) pour les manipuler hors-ligne ou en-ligne.<\/p>\n\n\n\n<div class=\"wp-block-button aligncenter\"><a class=\"wp-block-button__link wp-element-button\" href=\"http:\/\/www.lexique.org\/?page_id=91\">Le projet OpenLexicon GitHub<br><\/a><\/div>\n\n\n\n<hr class=\"wp-block-separator has-css-opacity\"\/>\n\n\n\n<h2 class=\"wp-block-heading\">Contribuer<\/h2>\n\n\n\n<p>Lexique et OpenLexicon sont des projets collaboratifs auxquels tout le monde est encourag\u00e9 \u00e0 participer. N&#8217;h\u00e9sitez pas \u00e0 poser des questions sur le forum, et \u00e0 proposer des am\u00e9liorations du code (shiny apps, scripts, &#8230;) sur le site <a href=\"http:\/\/github.com\/chrplr\/openlexicon\">github d&#8217;Openlexicon<\/a>.<\/p>\n\n\n\n<div class=\"wp-block-button aligncenter\"><a class=\"wp-block-button__link\" href=\"https:\/\/groups.google.com\/forum\/#!forum\/lexiqueorg\" target=\"_blank\" rel=\"noopener noreferrer\">Forum<\/a><\/div>\n\n\n\n<hr class=\"wp-block-separator has-css-opacity\"\/>\n\n\n\n<p><\/p>\n","protected":false},"excerpt":{"rendered":"<p>Lexique 4.00 fournit des mesures de fr\u00e9quence issues d\u2019un corpus de sous-titres de 316 millions de mots, la diversit\u00e9 contextuelle, des repr\u00e9sentations phonologiques, les lemmes associ\u00e9s, la structure morphologique, la pr\u00e9valence ainsi que des donn\u00e9es de d\u00e9cision lexicale pour 190 000 formes de mots fran\u00e7aises. Recherche en ligne dans Lexique 4.00 Lexique est distribu\u00e9e sous [&hellip;]<\/p>\n","protected":false},"author":1,"featured_media":0,"parent":0,"menu_order":0,"comment_status":"closed","ping_status":"open","template":"","meta":{"footnotes":""},"class_list":["post-2","page","type-page","status-publish","hentry","post-preview"],"_links":{"self":[{"href":"http:\/\/www.lexique.org\/index.php?rest_route=\/wp\/v2\/pages\/2","targetHints":{"allow":["GET"]}}],"collection":[{"href":"http:\/\/www.lexique.org\/index.php?rest_route=\/wp\/v2\/pages"}],"about":[{"href":"http:\/\/www.lexique.org\/index.php?rest_route=\/wp\/v2\/types\/page"}],"author":[{"embeddable":true,"href":"http:\/\/www.lexique.org\/index.php?rest_route=\/wp\/v2\/users\/1"}],"replies":[{"embeddable":true,"href":"http:\/\/www.lexique.org\/index.php?rest_route=%2Fwp%2Fv2%2Fcomments&post=2"}],"version-history":[{"count":101,"href":"http:\/\/www.lexique.org\/index.php?rest_route=\/wp\/v2\/pages\/2\/revisions"}],"predecessor-version":[{"id":918,"href":"http:\/\/www.lexique.org\/index.php?rest_route=\/wp\/v2\/pages\/2\/revisions\/918"}],"wp:attachment":[{"href":"http:\/\/www.lexique.org\/index.php?rest_route=%2Fwp%2Fv2%2Fmedia&parent=2"}],"curies":[{"name":"wp","href":"https:\/\/api.w.org\/{rel}","templated":true}]}}