{"id":461,"date":"2020-02-10T18:38:01","date_gmt":"2020-02-10T18:38:01","guid":{"rendered":"http:\/\/www.lexique.org\/?page_id=461"},"modified":"2020-02-11T07:48:56","modified_gmt":"2020-02-11T07:48:56","slug":"img_aoa__400","status":"publish","type":"page","link":"http:\/\/www.lexique.org\/?page_id=461","title":{"rendered":"Normes pour les images 400 de Cycowitz et al. et Snodgrass et Vanderwart."},"content":{"rendered":"\n<h4 class=\"wp-block-heading\">Auteurs : Alario, F. X., &amp; Ferrand, L. <\/h4>\n\n\n\n<p>La pr\u00e9sente base de donn\u00e9es fournit des normes fran\u00e7aises pour 400 dessins au trait tir\u00e9s de Cycowiez, Friedman, Rothstein et Snodgrass (1997), y compris les 260 dessins au trait normalis\u00e9s par Snodgrass et Vanderwart (1980). Les images ont \u00e9t\u00e9 normalis\u00e9es en fonction des variables suivantes : accord de nom, accord de l&#8217;image, familiarit\u00e9, complexit\u00e9 visuelle, variabilit\u00e9 de l&#8217;image et \u00e2ge d&#8217;acquisition. Ces donn\u00e9es normatives comprennent \u00e9galement les valeurs de fr\u00e9quence des mots et le premier associ\u00e9 verbal (extrait de Ferrand &amp; Alario, 1998). Les six variables obtenues sont importantes en raison de leur effet potentiel dans de nombreux domaines de la psychologie, en particulier l&#8217;\u00e9tude des processus cognitifs tels que la perception visuelle, le langage et la m\u00e9moire.<\/p>\n\n\n\n<p><\/p>\n\n\n\n<p>Table:&nbsp;<a href=\"http:\/\/www.lexique.org\/databases\/Alario_1999_Img_AoA_..._400\/Img_AoA_..._400.tsv\">Img_AoA_\u2026_400.tsv<\/a><\/p>\n\n\n\n<p>Online:&nbsp;<a href=\"http:\/\/chrplr.github.io\/openlexicon\">Openlexicon<\/a><\/p>\n\n\n\n<h2 class=\"wp-block-heading\">Publications<\/h2>\n\n\n\n<ul class=\"wp-block-list\"><li><a href=\"http:\/\/www.lexique.org\/databases\/Alario_1999_Img_AoA_..._400\/Img_AoA_..._400.pdf\">Alario, F. X., &amp; Ferrand, L. (1999). A set of 400 pictures standardized for French: Norms for name agreement, image agreement, familiarity, visual complexity, image variability, and age of acquisition. Behavior Research Methods, Instruments, &amp; Computers, 31(3), 531-552.<\/a><\/li><\/ul>\n","protected":false},"excerpt":{"rendered":"<p>Auteurs : Alario, F. X., &amp; Ferrand, L. La pr\u00e9sente base de donn\u00e9es fournit des normes fran\u00e7aises pour 400 dessins au trait tir\u00e9s de Cycowiez, Friedman, Rothstein et Snodgrass (1997), y compris les 260 dessins au trait normalis\u00e9s par Snodgrass et Vanderwart (1980). Les images ont \u00e9t\u00e9 normalis\u00e9es en fonction des variables suivantes : accord [&hellip;]<\/p>\n","protected":false},"author":1,"featured_media":0,"parent":378,"menu_order":0,"comment_status":"closed","ping_status":"closed","template":"","meta":{"footnotes":""},"class_list":["post-461","page","type-page","status-publish","hentry","post-preview"],"_links":{"self":[{"href":"http:\/\/www.lexique.org\/index.php?rest_route=\/wp\/v2\/pages\/461","targetHints":{"allow":["GET"]}}],"collection":[{"href":"http:\/\/www.lexique.org\/index.php?rest_route=\/wp\/v2\/pages"}],"about":[{"href":"http:\/\/www.lexique.org\/index.php?rest_route=\/wp\/v2\/types\/page"}],"author":[{"embeddable":true,"href":"http:\/\/www.lexique.org\/index.php?rest_route=\/wp\/v2\/users\/1"}],"replies":[{"embeddable":true,"href":"http:\/\/www.lexique.org\/index.php?rest_route=%2Fwp%2Fv2%2Fcomments&post=461"}],"version-history":[{"count":4,"href":"http:\/\/www.lexique.org\/index.php?rest_route=\/wp\/v2\/pages\/461\/revisions"}],"predecessor-version":[{"id":472,"href":"http:\/\/www.lexique.org\/index.php?rest_route=\/wp\/v2\/pages\/461\/revisions\/472"}],"up":[{"embeddable":true,"href":"http:\/\/www.lexique.org\/index.php?rest_route=\/wp\/v2\/pages\/378"}],"wp:attachment":[{"href":"http:\/\/www.lexique.org\/index.php?rest_route=%2Fwp%2Fv2%2Fmedia&parent=461"}],"curies":[{"name":"wp","href":"https:\/\/api.w.org\/{rel}","templated":true}]}}