{"id":465,"date":"2020-02-11T07:07:22","date_gmt":"2020-02-11T07:07:22","guid":{"rendered":"http:\/\/www.lexique.org\/?page_id=465"},"modified":"2020-02-11T08:02:13","modified_gmt":"2020-02-11T08:02:13","slug":"imageability-subjective-frequency-and-valence-for-866-words","status":"publish","type":"page","link":"http:\/\/www.lexique.org\/?page_id=465","title":{"rendered":"Imageabilit\u00e9, fr\u00e9quence subjective et valence pour 866 words"},"content":{"rendered":"\n<h4 class=\"wp-block-heading\">Auteurs : Bonin, P., M\u00e9ot, A., Aubert, L. F., Malardier, N., Niedenthal, P., &amp; Capelle-Toczek<\/h4>\n\n\n\n<p>Cette base de donn\u00e9es pr\u00e9sente des normes de concr\u00e9tise, d&#8217;imageabilit\u00e9, de fr\u00e9quence subjective et de valence \u00e9motionnelle pour un ensemble de 866 mots. Les normes ont \u00e9t\u00e9 recueillies aupr\u00e8s de 97 participants, tous de langue maternelle fran\u00e7aise et dont l&#8217;\u00e2ge moyen \u00e9tait de 23 ans.<\/p>\n\n\n\n<h2 class=\"wp-block-heading\"><\/h2>\n\n\n\n<p>Download Table :&nbsp;<a href=\"http:\/\/www.lexique.org\/databases\/Bonin_2003_Concr_Imag_FreqSub_Valemo_866\/Concr_Imag_FreqSub_Valemo_866.xls\">Concr_Imag_FreqSub_Valemo_866.xls<\/a><\/p>\n\n\n\n<p>Research Online :&nbsp;<a href=\"http:\/\/chrplr.github.io\/openlexicon\">Openlexicon<\/a> (Database : &#8220;Concr_Imag_FreqSub_Valemo_866&#8221;)<\/p>\n\n\n\n<p><\/p>\n\n\n\n<h2 class=\"wp-block-heading\">Publications<\/h2>\n\n\n\n<ul class=\"wp-block-list\"><li><a href=\"http:\/\/www.lexique.org\/databases\/Bonin_2003_Concr_Imag_FreqSub_Valemo_866\/Concr_Imag_FreqSub_Valemo_866.pdf\">Bonin, P., M\u00e9ot, A., Aubert, L. F., Malardier, N., Niedenthal, P., &amp; Capelle-Toczek, M. C. (2003). Normes de concr\u00e9tude, de valeur d\u2019imagerie, de fr\u00e9quence subjective et de valence \u00e9motionnelle pour 866 mots. L\u2019ann\u00e9e Psychologique, 103(4), 655-694.<\/a><\/li><\/ul>\n","protected":false},"excerpt":{"rendered":"<p>Auteurs : Bonin, P., M\u00e9ot, A., Aubert, L. F., Malardier, N., Niedenthal, P., &amp; Capelle-Toczek Cette base de donn\u00e9es pr\u00e9sente des normes de concr\u00e9tise, d&#8217;imageabilit\u00e9, de fr\u00e9quence subjective et de valence \u00e9motionnelle pour un ensemble de 866 mots. Les normes ont \u00e9t\u00e9 recueillies aupr\u00e8s de 97 participants, tous de langue maternelle fran\u00e7aise et dont l&#8217;\u00e2ge [&hellip;]<\/p>\n","protected":false},"author":1,"featured_media":0,"parent":378,"menu_order":0,"comment_status":"closed","ping_status":"closed","template":"","meta":{"footnotes":""},"class_list":["post-465","page","type-page","status-publish","hentry","post-preview"],"_links":{"self":[{"href":"http:\/\/www.lexique.org\/index.php?rest_route=\/wp\/v2\/pages\/465","targetHints":{"allow":["GET"]}}],"collection":[{"href":"http:\/\/www.lexique.org\/index.php?rest_route=\/wp\/v2\/pages"}],"about":[{"href":"http:\/\/www.lexique.org\/index.php?rest_route=\/wp\/v2\/types\/page"}],"author":[{"embeddable":true,"href":"http:\/\/www.lexique.org\/index.php?rest_route=\/wp\/v2\/users\/1"}],"replies":[{"embeddable":true,"href":"http:\/\/www.lexique.org\/index.php?rest_route=%2Fwp%2Fv2%2Fcomments&post=465"}],"version-history":[{"count":4,"href":"http:\/\/www.lexique.org\/index.php?rest_route=\/wp\/v2\/pages\/465\/revisions"}],"predecessor-version":[{"id":479,"href":"http:\/\/www.lexique.org\/index.php?rest_route=\/wp\/v2\/pages\/465\/revisions\/479"}],"up":[{"embeddable":true,"href":"http:\/\/www.lexique.org\/index.php?rest_route=\/wp\/v2\/pages\/378"}],"wp:attachment":[{"href":"http:\/\/www.lexique.org\/index.php?rest_route=%2Fwp%2Fv2%2Fmedia&parent=465"}],"curies":[{"name":"wp","href":"https:\/\/api.w.org\/{rel}","templated":true}]}}

Imageabilité, fréquence subjective et valence pour 866 words

<h4 class="wp-block-heading">Auteurs : Bonin, P., Méot, A., Aubert, L. F., Malardier, N., Niedenthal, P., &amp; Capelle-Toczek</h4>



<p>Cette base de données présente des normes de concrétise, d&#8217;imageabilité, de fréquence subjective et de valence émotionnelle pour un ensemble de 866 mots. Les normes ont été recueillies auprès de 97 participants, tous de langue maternelle française et dont l&#8217;âge moyen était de 23 ans.</p>



<h2 class="wp-block-heading"></h2>



<p>Download Table :&nbsp;<a href="http://www.lexique.org/databases/Bonin_2003_Concr_Imag_FreqSub_Valemo_866/Concr_Imag_FreqSub_Valemo_866.xls">Concr_Imag_FreqSub_Valemo_866.xls</a></p>



<p>Research Online :&nbsp;<a href="http://chrplr.github.io/openlexicon">Openlexicon</a> (Database : &#8220;Concr_Imag_FreqSub_Valemo_866&#8221;)</p>



<p></p>



<h2 class="wp-block-heading">Publications</h2>



<ul class="wp-block-list"><li><a href="http://www.lexique.org/databases/Bonin_2003_Concr_Imag_FreqSub_Valemo_866/Concr_Imag_FreqSub_Valemo_866.pdf">Bonin, P., Méot, A., Aubert, L. F., Malardier, N., Niedenthal, P., &amp; Capelle-Toczek, M. C. (2003). Normes de concrétude, de valeur d’imagerie, de fréquence subjective et de valence émotionnelle pour 866 mots. L’année Psychologique, 103(4), 655-694.</a></li></ul>

<p>Auteurs : Bonin, P., Méot, A., Aubert, L. F., Malardier, N., Niedenthal, P., &amp; Capelle-Toczek Cette base de données présente des normes de concrétise, d&#8217;imageabilité, de fréquence subjective et de valence émotionnelle pour un ensemble de 866 mots. Les normes ont été recueillies auprès de 97 participants, tous de langue maternelle française et dont l&#8217;âge [&hellip;]</p>
