{"id":506,"date":"2020-02-11T10:18:08","date_gmt":"2020-02-11T10:18:08","guid":{"rendered":"http:\/\/www.lexique.org\/?page_id=506"},"modified":"2020-04-09T14:27:33","modified_gmt":"2020-04-09T14:27:33","slug":"frequence-subjective-et-imageabilite-pour-3600-mots","status":"publish","type":"page","link":"http:\/\/www.lexique.org\/?page_id=506","title":{"rendered":"Fr\u00e9quence subjective et imageabilit\u00e9 pour 3600 mots"},"content":{"rendered":"\n<h4 class=\"wp-block-heading\">Auteurs : <a href=\"http:\/\/www.lexique.org\/databases\/Desrochers_2009_FreqSub_Imag_3600\/FreqSub_Imag_3600.tsv\">Desrochers, A., &amp; Thompson, G. L. (2009)<\/a><\/h4>\n\n\n\n<p>Des estimations subjectives de fr\u00e9quence et d&#8217;imageabilit\u00e9 pour un \u00e9chantillon de 3 600 noms fran\u00e7ais ont \u00e9t\u00e9 recueillies aupr\u00e8s de deux<br> des groupes ind\u00e9pendants de 72 jeunes adultes chacun. Les deux groupes ont re\u00e7u des instructions standard et ont fourni leur \u00e9valuation sur une \u00e9chelle de 7 points.<\/p>\n\n\n\n<p>Table :&nbsp;<a href=\"http:\/\/www.lexique.org\/databases\/Desrochers_2009_FreqSub_Imag_3600\/FreqSub_Imag_3600.xls\">FreqSub_Imag_3600.xls<\/a><\/p>\n\n\n\n<p>Online:&nbsp;<a href=\"http:\/\/chrplr.github.io\/openlexicon\">Openlexicon<\/a> (Table : <a href=\"http:\/\/www.lexique.org\/databases\/Desrochers_2009_FreqSub_Imag_3600\/FreqSub_Imag_3600.xls\">FreqSub_Imag_3600<\/a>)<\/p>\n\n\n\n<h2 class=\"wp-block-heading\">Publications<\/h2>\n\n\n\n<ul class=\"wp-block-list\"><li><a href=\"http:\/\/www.lexique.org\/databases\/Desrochers_2009_FreqSub_Imag_3600\/FreqSub_Imag_3600.pdf\">Desrochers, A., &amp; Thompson, G. L. (2009). Subjective frequency and imageability ratings for 3,600 French nouns. Behavior Research Methods, 41(2), 546-557.<\/a><\/li><\/ul>\n\n\n\n<p><\/p>\n","protected":false},"excerpt":{"rendered":"<p>Auteurs : Desrochers, A., &amp; Thompson, G. L. (2009) Des estimations subjectives de fr\u00e9quence et d&#8217;imageabilit\u00e9 pour un \u00e9chantillon de 3 600 noms fran\u00e7ais ont \u00e9t\u00e9 recueillies aupr\u00e8s de deux des groupes ind\u00e9pendants de 72 jeunes adultes chacun. Les deux groupes ont re\u00e7u des instructions standard et ont fourni leur \u00e9valuation sur une \u00e9chelle de [&hellip;]<\/p>\n","protected":false},"author":1,"featured_media":0,"parent":378,"menu_order":0,"comment_status":"closed","ping_status":"closed","template":"","meta":{"footnotes":""},"class_list":["post-506","page","type-page","status-publish","hentry","post-preview"],"_links":{"self":[{"href":"http:\/\/www.lexique.org\/index.php?rest_route=\/wp\/v2\/pages\/506","targetHints":{"allow":["GET"]}}],"collection":[{"href":"http:\/\/www.lexique.org\/index.php?rest_route=\/wp\/v2\/pages"}],"about":[{"href":"http:\/\/www.lexique.org\/index.php?rest_route=\/wp\/v2\/types\/page"}],"author":[{"embeddable":true,"href":"http:\/\/www.lexique.org\/index.php?rest_route=\/wp\/v2\/users\/1"}],"replies":[{"embeddable":true,"href":"http:\/\/www.lexique.org\/index.php?rest_route=%2Fwp%2Fv2%2Fcomments&post=506"}],"version-history":[{"count":2,"href":"http:\/\/www.lexique.org\/index.php?rest_route=\/wp\/v2\/pages\/506\/revisions"}],"predecessor-version":[{"id":560,"href":"http:\/\/www.lexique.org\/index.php?rest_route=\/wp\/v2\/pages\/506\/revisions\/560"}],"up":[{"embeddable":true,"href":"http:\/\/www.lexique.org\/index.php?rest_route=\/wp\/v2\/pages\/378"}],"wp:attachment":[{"href":"http:\/\/www.lexique.org\/index.php?rest_route=%2Fwp%2Fv2%2Fmedia&parent=506"}],"curies":[{"name":"wp","href":"https:\/\/api.w.org\/{rel}","templated":true}]}}

Fréquence subjective et imageabilité pour 3600 mots

<h4 class="wp-block-heading">Auteurs : <a href="http://www.lexique.org/databases/Desrochers_2009_FreqSub_Imag_3600/FreqSub_Imag_3600.tsv">Desrochers, A., &amp; Thompson, G. L. (2009)</a></h4>



<p>Des estimations subjectives de fréquence et d&#8217;imageabilité pour un échantillon de 3 600 noms français ont été recueillies auprès de deux<br> des groupes indépendants de 72 jeunes adultes chacun. Les deux groupes ont reçu des instructions standard et ont fourni leur évaluation sur une échelle de 7 points.</p>



<p>Table :&nbsp;<a href="http://www.lexique.org/databases/Desrochers_2009_FreqSub_Imag_3600/FreqSub_Imag_3600.xls">FreqSub_Imag_3600.xls</a></p>



<p>Online:&nbsp;<a href="http://chrplr.github.io/openlexicon">Openlexicon</a> (Table : <a href="http://www.lexique.org/databases/Desrochers_2009_FreqSub_Imag_3600/FreqSub_Imag_3600.xls">FreqSub_Imag_3600</a>)</p>



<h2 class="wp-block-heading">Publications</h2>



<ul class="wp-block-list"><li><a href="http://www.lexique.org/databases/Desrochers_2009_FreqSub_Imag_3600/FreqSub_Imag_3600.pdf">Desrochers, A., &amp; Thompson, G. L. (2009). Subjective frequency and imageability ratings for 3,600 French nouns. Behavior Research Methods, 41(2), 546-557.</a></li></ul>



<p></p>

<p>Auteurs : Desrochers, A., &amp; Thompson, G. L. (2009) Des estimations subjectives de fréquence et d&#8217;imageabilité pour un échantillon de 3 600 noms français ont été recueillies auprès de deux des groupes indépendants de 72 jeunes adultes chacun. Les deux groupes ont reçu des instructions standard et ont fourni leur évaluation sur une échelle de [&hellip;]</p>
