{"id":618,"date":"2022-06-09T12:46:28","date_gmt":"2022-06-09T12:46:28","guid":{"rendered":"http:\/\/www.lexique.org\/?page_id=618"},"modified":"2022-06-10T09:31:59","modified_gmt":"2022-06-10T09:31:59","slug":"frequence-subjective-et-imageabilite-pour-1286-mots-pour-4-groupes-dage","status":"publish","type":"page","link":"http:\/\/www.lexique.org\/?page_id=618","title":{"rendered":"Fr\u00e9quence subjective et imageabilit\u00e9 pour 1286 mots pour 4 groupes d&#8217;\u00e2ge"},"content":{"rendered":"\n<h4 class=\"wp-block-heading\">Auteurs : Ballot, C., Mathey, S., &amp; Robert, C.<\/h4>\n\n\n\n<p>Ces normes visent \u00e0 fournir des \u00e9valuations d&#8217;imageabilit\u00e9 et de fr\u00e9quence subjective pour quatre groupes d&#8217;\u00e2ge adultes allant de 18 \u00e0 85 ans (18-25 ; 26-39 ; 40-59 ; et 60 et plus) pour 1286 mots fran\u00e7ais neutres et \u00e9motionnels disponibles dans la base de donn\u00e9es EMA (Gobin et al., 2017). Dans l&#8217;ensemble, les adultes plus \u00e2g\u00e9s ont \u00e9valu\u00e9 les mots comme \u00e9tant plus fr\u00e9quents (subjectivement) et plus imageables que les adultes plus jeunes.<\/p>\n\n\n\n<p>Table:&nbsp;<a href=\"http:\/\/www.lexique.org\/databases\/Ballot_2021_FreqSub_Imag_ParAge_1286\/FreqSub_Imag_ParAge_1286.xlsx\">FreqSub_Imag_ParAge_1286.xlsx<\/a><\/p>\n\n\n\n<p>Online:\u00a0<a href=\"http:\/\/www.lexique.org\/shiny\/openlexicon\/\">Open Lexique<\/a> (Table :  <strong>FreqSub_Imag_ParAge_1286<\/strong>)<\/p>\n\n\n\n<h2 class=\"wp-block-heading\">Publications<\/h2>\n\n\n\n<ul class=\"wp-block-list\"><li><a href=\"http:\/\/www.lexique.org\/databases\/Ballot_2021_FreqSub_Imag_ParAge_1286\/FreqSub_Imag_ParAge_1286.pdf\">Ballot, C., Mathey, S., &amp; Robert, C. (2022). Age-related evaluations of imageability and subjective frequency for 1286 neutral and emotional French words: ratings by young, middle-aged, and older adults.&nbsp;<em>Behavior Research Methods<\/em>,&nbsp;<em>54<\/em>(1), 196-215.<\/a><\/li><\/ul>\n\n\n\n<p><\/p>\n","protected":false},"excerpt":{"rendered":"<p>Auteurs : Ballot, C., Mathey, S., &amp; Robert, C. Ces normes visent \u00e0 fournir des \u00e9valuations d&#8217;imageabilit\u00e9 et de fr\u00e9quence subjective pour quatre groupes d&#8217;\u00e2ge adultes allant de 18 \u00e0 85 ans (18-25 ; 26-39 ; 40-59 ; et 60 et plus) pour 1286 mots fran\u00e7ais neutres et \u00e9motionnels disponibles dans la base de donn\u00e9es [&hellip;]<\/p>\n","protected":false},"author":1,"featured_media":0,"parent":378,"menu_order":0,"comment_status":"closed","ping_status":"closed","template":"","meta":{"footnotes":""},"class_list":["post-618","page","type-page","status-publish","hentry","post-preview"],"_links":{"self":[{"href":"http:\/\/www.lexique.org\/index.php?rest_route=\/wp\/v2\/pages\/618","targetHints":{"allow":["GET"]}}],"collection":[{"href":"http:\/\/www.lexique.org\/index.php?rest_route=\/wp\/v2\/pages"}],"about":[{"href":"http:\/\/www.lexique.org\/index.php?rest_route=\/wp\/v2\/types\/page"}],"author":[{"embeddable":true,"href":"http:\/\/www.lexique.org\/index.php?rest_route=\/wp\/v2\/users\/1"}],"replies":[{"embeddable":true,"href":"http:\/\/www.lexique.org\/index.php?rest_route=%2Fwp%2Fv2%2Fcomments&post=618"}],"version-history":[{"count":2,"href":"http:\/\/www.lexique.org\/index.php?rest_route=\/wp\/v2\/pages\/618\/revisions"}],"predecessor-version":[{"id":623,"href":"http:\/\/www.lexique.org\/index.php?rest_route=\/wp\/v2\/pages\/618\/revisions\/623"}],"up":[{"embeddable":true,"href":"http:\/\/www.lexique.org\/index.php?rest_route=\/wp\/v2\/pages\/378"}],"wp:attachment":[{"href":"http:\/\/www.lexique.org\/index.php?rest_route=%2Fwp%2Fv2%2Fmedia&parent=618"}],"curies":[{"name":"wp","href":"https:\/\/api.w.org\/{rel}","templated":true}]}}

Fréquence subjective et imageabilité pour 1286 mots pour 4 groupes d&#8217;âge

<h4 class="wp-block-heading">Auteurs : Ballot, C., Mathey, S., &amp; Robert, C.</h4>



<p>Ces normes visent à fournir des évaluations d&#8217;imageabilité et de fréquence subjective pour quatre groupes d&#8217;âge adultes allant de 18 à 85 ans (18-25 ; 26-39 ; 40-59 ; et 60 et plus) pour 1286 mots français neutres et émotionnels disponibles dans la base de données EMA (Gobin et al., 2017). Dans l&#8217;ensemble, les adultes plus âgés ont évalué les mots comme étant plus fréquents (subjectivement) et plus imageables que les adultes plus jeunes.</p>



<p>Table:&nbsp;<a href="http://www.lexique.org/databases/Ballot_2021_FreqSub_Imag_ParAge_1286/FreqSub_Imag_ParAge_1286.xlsx">FreqSub_Imag_ParAge_1286.xlsx</a></p>



<p>Online: <a href="http://www.lexique.org/shiny/openlexicon/">Open Lexique</a> (Table :  <strong>FreqSub_Imag_ParAge_1286</strong>)</p>



<h2 class="wp-block-heading">Publications</h2>



<ul class="wp-block-list"><li><a href="http://www.lexique.org/databases/Ballot_2021_FreqSub_Imag_ParAge_1286/FreqSub_Imag_ParAge_1286.pdf">Ballot, C., Mathey, S., &amp; Robert, C. (2022). Age-related evaluations of imageability and subjective frequency for 1286 neutral and emotional French words: ratings by young, middle-aged, and older adults.&nbsp;<em>Behavior Research Methods</em>,&nbsp;<em>54</em>(1), 196-215.</a></li></ul>



<p></p>

<p>Auteurs : Ballot, C., Mathey, S., &amp; Robert, C. Ces normes visent à fournir des évaluations d&#8217;imageabilité et de fréquence subjective pour quatre groupes d&#8217;âge adultes allant de 18 à 85 ans (18-25 ; 26-39 ; 40-59 ; et 60 et plus) pour 1286 mots français neutres et émotionnels disponibles dans la base de données [&hellip;]</p>
