{"id":813,"date":"2025-09-04T07:50:21","date_gmt":"2025-09-04T07:50:21","guid":{"rendered":"http:\/\/www.lexique.org\/?page_id=813"},"modified":"2025-09-04T07:50:22","modified_gmt":"2025-09-04T07:50:22","slug":"megalex-a-megastudy-of-visual-and-auditory-french-word-recognition","status":"publish","type":"page","link":"http:\/\/www.lexique.org\/?page_id=813&lang=en","title":{"rendered":"Megalex : A megastudy of visual and auditory French word recognition"},"content":{"rendered":"\n<p>Ludovic Ferrand, Alain M\u00e9ot, Elsa Spinelli, Boris New, Christophe Pallier, Patrick Bonin, St\u00e9phane Dufau, Sebastiaan Math\u00f4t &amp; Jonathan Grainger.<\/p>\n\n\n\n<p>Megalex is a database of visual and auditory lexical decision<br> times and accuracy rates for tens of thousands of words. We<br> collected visual lexical decision data for 28,466 French words<br> and the same number of pseudowords, and auditory lexical<br> decision data for 17,876 French words and the same number<br> of pseudowords (synthesized tokens were used for the auditory modality). This constitutes the first large-scale database for au-<br> ditory lexical decision, and the first database to enable a direct comparison of word recognition in different modalities.<\/p>\n\n\n\n<div class=\"wp-block-button aligncenter\"><a class=\"wp-block-button__link wp-element-button\" href=\"http:\/\/www.lexique.org\/shiny\/openlexicon\/\">Search in Megalex<\/a><\/div>\n\n\n\n<h3 class=\"wp-block-heading\">Download<\/h3>\n\n\n\n<p><a href=\"http:\/\/www.lexique.org\/databases\/Megalex\/Megalex-items-visual.tsv\">Megalex-items-visual.tsv<\/a><\/p>\n\n\n\n<p><a href=\"http:\/\/www.lexique.org\/databases\/Megalex\/Megalex-items-auditory.tsv\">Megalex-items-auditory.tsv<\/a><\/p>\n\n\n\n<p>These are text files that you can easily import in Excel<\/p>\n\n\n\n<p><a href=\"https:\/\/psycho-usmb.fr\/boris.new\/Ressources\/megalex_rawdata.zip\">Megalex raw data.zip<\/a> (75 Mo)<\/p>\n\n\n\n<h3 class=\"wp-block-heading\">More informations<\/h3>\n\n\n\n<p>For more information you can read the following article:<\/p>\n\n\n\n<p>Ferrand, L., M\u00e9ot, A., Spinelli, E.,&nbsp;<strong>New, B.<\/strong>, Pallier, C., Bonin, P., Dufau, S., Math\u00f4t, S., &amp; Grainger, J. (2017).&nbsp;<a href=\"https:\/\/drive.google.com\/open?id=0B-sE9ac1ksCAVUdYSjM5bFZfdFE\">MEGALEX: A megastudy of visual and auditory word recognition.&nbsp;<\/a><em>Behavior Research Methods.<\/em><\/p>\n\n\n\n<p><\/p>\n","protected":false},"excerpt":{"rendered":"<p>Ludovic Ferrand, Alain M\u00e9ot, Elsa Spinelli, Boris New, Christophe Pallier, Patrick Bonin, St\u00e9phane Dufau, Sebastiaan Math\u00f4t &amp; Jonathan Grainger. Megalex is a database of visual and auditory lexical decision times and accuracy rates for tens of thousands of words. We collected visual lexical decision data for 28,466 French words and the same number of pseudowords, [&hellip;]<\/p>\n","protected":false},"author":1,"featured_media":0,"parent":0,"menu_order":0,"comment_status":"closed","ping_status":"closed","template":"","meta":{"footnotes":""},"class_list":["post-813","page","type-page","status-publish","hentry","post-preview"],"_links":{"self":[{"href":"http:\/\/www.lexique.org\/index.php?rest_route=\/wp\/v2\/pages\/813","targetHints":{"allow":["GET"]}}],"collection":[{"href":"http:\/\/www.lexique.org\/index.php?rest_route=\/wp\/v2\/pages"}],"about":[{"href":"http:\/\/www.lexique.org\/index.php?rest_route=\/wp\/v2\/types\/page"}],"author":[{"embeddable":true,"href":"http:\/\/www.lexique.org\/index.php?rest_route=\/wp\/v2\/users\/1"}],"replies":[{"embeddable":true,"href":"http:\/\/www.lexique.org\/index.php?rest_route=%2Fwp%2Fv2%2Fcomments&post=813"}],"version-history":[{"count":1,"href":"http:\/\/www.lexique.org\/index.php?rest_route=\/wp\/v2\/pages\/813\/revisions"}],"predecessor-version":[{"id":814,"href":"http:\/\/www.lexique.org\/index.php?rest_route=\/wp\/v2\/pages\/813\/revisions\/814"}],"wp:attachment":[{"href":"http:\/\/www.lexique.org\/index.php?rest_route=%2Fwp%2Fv2%2Fmedia&parent=813"}],"curies":[{"name":"wp","href":"https:\/\/api.w.org\/{rel}","templated":true}]}}